{"id":802,"date":"2019-03-19T11:12:04","date_gmt":"2019-03-19T02:12:04","guid":{"rendered":"https:\/\/home.hiroshima-u.ac.jp\/~france\/?page_id=802"},"modified":"2019-04-08T16:29:28","modified_gmt":"2019-04-08T07:29:28","slug":"%e6%95%99%e5%ae%a4%e7%9f%ad%e4%bf%a1%ef%bc%88%ef%bc%92%ef%bc%90%ef%bc%90%ef%bc%96%ef%bc%89","status":"publish","type":"page","link":"https:\/\/france.hiroshima-u.ac.jp\/?page_id=802&lang=ja","title":{"rendered":"\u6559\u5ba4\u77ed\u4fe1 (2006)"},"content":{"rendered":"<p>\u25ce1976\u5e744\u6708\u4ee5\u676530\u5e74\u9593\u306e\u9577\u304d\u306b\u308f\u305f\u3063\u3066\u5f53\u6559\u5ba4\u3067\u6559\u97ad\u3092\u3068\u3089\u308c\u305f\u539f\u91ce\u6607\u6559\u6388\u306f\uff0c2006\u5e743\u6708\u672b\u3067\u5e83\u5cf6\u5927\u5b66\u3092\u9000\u8077\u3055\u308c\u305f\u3002\u306a\u304a\uff0c\u539f\u91ce\u6559\u6388\u306f\uff0c2006\u5e744\u6708\uff0c\u5e83\u5cf6\u5927\u5b66\u540d\u8a89\u6559\u6388\u306e\u79f0\u53f7\u3092\u6388\u4e0e\u3055\u308c\u305f\u3002<\/p>\n<p>&nbsp;<\/p>\n<p>\u25ce\u30b8\u30e3\u30f3\uff1d\u30ac\u30d6\u30ea\u30a8\u30eb\u30fb\u30b5\u30f3\u30c8\u30cb\u52a9\u6559\u6388\u306f\uff0c2006\u5e744\u6708\uff0c\u5e83\u5cf6\u5927\u5b66\u5916\u56fd\u8a9e\u6559\u80b2\u7814\u7a76\u30bb\u30f3\u30bf\u30fc\u306b\u6559\u6388\u3068\u3057\u3066\u79fb\u52d5\u3055\u308c\u305f\u3002<\/p>\n<p><strong>\u00a0<\/strong><\/p>\n<p>\u25ce 2006\u5e74\u5ea6\u306f\u6559\u5ba4\u95a2\u4fc2\u8005\u306e\u307b\u304b\u306b\uff0c\u4e2d\u5ddd\u6b63\u5f18\u5e83\u5cf6\u5927\u5b66\u7559\u5b66\u751f\u30bb\u30f3\u30bf\u30fc\u6559\u6388\u306b\u5b66\u90e8\uff08\u300c\u8fd1\u73fe\u4ee3\u30d5\u30e9\u30f3\u30b9\u6587\u5b66\u6f14\u7fd2\u2163\u300d\uff09\u3068\u5927\u5b66\u9662\uff08\u300c\u4e2d\u4e16\u30d5\u30e9\u30f3\u30b9\u6587\u5b66\u8a9e\u5b66\u6f14\u7fd2\u300d\uff09\u3068\u306b\u51fa\u8b1b\u3057\u3066\u3044\u305f\u3060\u3044\u3066\u3044\u308b\u3002\u307e\u305f\uff0c\u96c6\u4e2d\u8b1b\u7fa9\u306e\u5f62\u5f0f\u3067\uff0c\u524d\u671f\u306b\u306f\u65e9\u7a32\u7530\u5927\u5b66\u6cd5\u5b66\u5b66\u8853\u9662\u306e\u7acb\u82b1\u82f1\u88d5\u6559\u6388\uff08\u5b66\u90e8\u300c\u30d5\u30e9\u30f3\u30b9\u6587\u5b66\u8a9e\u5b66\u7279\u8b1b\u2160\u300d\uff0c\u5927\u5b66\u9662\u300c\u30d5\u30e9\u30f3\u30b9\u6587\u5b66\u7279\u6b8a\u30c6\u30fc\u30de\u8b1b\u7fa9\u300d\uff09\u306b\uff0c\u5f8c\u671f\u306b\u306f\u5927\u962a\u5927\u5b66\u6587\u5b66\u7814\u7a76\u79d1\u306e\u67cf\u6728\u9686\u96c4\u6559\u6388\uff08\u5b66\u90e8\u300c\u30d5\u30e9\u30f3\u30b9\u6587\u5b66\u8a9e\u5b66\u7279\u8b1b\u2161\u300d\uff0c\u5927\u5b66\u9662\u300c\u30d5\u30e9\u30f3\u30b9\u6587\u5b66\u7279\u6b8a\u8b1b\u7fa9\u300d\uff09\u306b\u3054\u63f4\u52a9\u3044\u305f\u3060\u3044\u3066\u3044\u308b\u3002<\/p>\n<p>&nbsp;<\/p>\n<p>\u25ce\u4e2d\u5c71\u667a\u5b50\u6c0f\u306f\uff0c2006\u5e744\u6708\uff0c\u4eac\u90fd\u5916\u56fd\u8a9e\u5927\u5b66\u306b\u5c02\u4efb\u6559\u54e1\u3068\u3057\u3066\u63a1\u7528\u3055\u308c\u305f\u3002<\/p>\n<p>&nbsp;<\/p>\n<p>\u25ce \u4e0b\u8a18\u306e\u65b9\u3005\u304c\u4e0a\u6893\u3055\u308c\u305f\u3002<\/p>\n<p>\u6210\u6ca2\u5e83\u5e78 \u8a33\u300e\u89b3\u5149\u306e\u30e9\u30d3\u30ea\u30f3\u30b9\u300f\uff0c\u6cd5\u653f\u5927\u5b66\u51fa\u7248\u5c40\uff0c2006<\/p>\n<p>\u8a33\u300e\u30d5\u30e9\u30f3\u30b9\u306e\u6e29\u6cc9\u30ea\u30be\u30fc\u30c8\u300f\uff0c\u767d\u6c34\u793e\uff0c\u300a\u6587\u5eab\u30af\u30bb\u30b8\u30e5\u300b\uff0c2006<\/p>\n<p>\u539f\u91ce\u6607\u300e\u30d5\u30e9\u30f3\u30b9\u4e2d\u4e16\u306e\u6587\u5b66\u300f\uff0c\u5e83\u5cf6\u5927\u5b66\u51fa\u7248\u4f1a\uff0c2005<\/p>\n<p><em>Le Roman de Renart<\/em> \u00a0[\u5171\u8457] \uff0cLe Livre de poche\uff0c2005<\/p>\n<p><em>Vocabulaire de l\u2019ancien <\/em><em>fran\u00e7ai<\/em><em>s<\/em> \u2015 Actes du Colloque de Hiroshima [\u7de8\u8005]\uff0c<\/p>\n<p>\u6eaa\u6c34\u793e\uff0c2005<\/p>\n<p>\u300e\u4e2d\u4e16\u30e8\u30fc\u30ed\u30c3\u30d1\u306b\u304a\u3051\u308b\u6392\u9664\u3068\u5bdb\u5bb9\u300f[\u5171\u8457] \uff0c\u6eaa\u6c34\u793e\uff0c2005<\/p>\n<p>\u300e\u4e2d\u4e16\u30e8\u30fc\u30ed\u30c3\u30d1\u306b\u304a\u3051\u308b\u6b7b\u3068\u751f\u300f[\u5171\u8457] \uff0c\u6eaa\u6c34\u793e\uff0c2006<\/p>\n<p>\u300e\u30eb\u30ca\u30fc\u30eb\u306b\u306e\u305b\u3089\u308c\u3066\u300f\uff0c\u6eaa\u6c34\u793e\uff0c2006<\/p>\n<p>\u6a2a\u5c71\u662d\u6b63\u300e\u73fe\u4ee3\u65e5\u672c\u6587\u5b66\u306e\u30dd\u30a8\u30b8\u30fc\u300f\uff0c\u6eaa\u6c34\u793e\uff0c2004<\/p>\n<p>&nbsp;<\/p>\n<p>&nbsp;<\/p>\n<p>\u25ce\u5e83\u5cf6\u5927\u5b66\u6587\u5b66\u90e8\u3068\u30b9\u30a4\u30b9\u306e\u30ed\u30fc\u30b6\u30f3\u30cc\u5927\u5b66\u6587\u5b66\u90e8\u3068\u306e\u9593\u306e\u5b66\u8853\u4ea4\u6d41\u5354\u5b9a\u306b\u57fa\u3065\u3044\u3066\uff0c\u672c\u4f1a\u4f1a\u54e1\u306e\u4f4f\u7530\u65e9\u7d00\u3055\u3093\uff08\u5927\u5b66\u9662\u535a\u58eb\u8ab2\u7a0b\u524d\u671f\uff09\u3068\uff0c\u5f53\u6559\u5ba4\u306e3\u540d\u542b\u30806\u540d\u306e\u5b66\u751f\u304c\uff0c2006\u5e747 \u22129\u6708\uff0c\u30ed\u30fc\u30b6\u30f3\u30cc\u5927\u5b66\u590f\u5b63\u30d5\u30e9\u30f3\u30b9\u8a9e\u7814\u4fee\u77ed\u671f\u7559\u5b66\u30d7\u30ed\u30b0\u30e9\u30e0\u306b\u6d3e\u9063\u3055\u308c\u305f\u3002<\/p>\n<p>&nbsp;<\/p>\n<p>(M.)<\/p>\n<p>\u203b\u672c\u6b04\u3078\u306e\u60c5\u5831\u3092\u304a\u5bc4\u305b\u304f\u3060\u3055\u3044\u3002\uff08yosei@hiroshima-u.ac.jp)<\/p>\n<p><strong>\u00a0<\/strong><strong>\u00a0<\/strong><\/p>\n<p><strong>2005<\/strong><strong>\u5e74\u5ea6\u3000\u4fee\u58eb\u8ad6\u6587\u984c\u76ee<\/strong><\/p>\n<p>&nbsp;<\/p>\n<p>\u4e0a\u91ce \u667a\u7f8e\u3000\u3000\u3000\u30de\u30ed\u5150\u7ae5\u6587\u5b66\u7814\u7a76<\/p>\n<p>\u2015 <em>Sans Famille<\/em> \u3068 <em>En Famille<\/em> \u306b\u304a\u3051\u308b\u5b50\u3069\u3082\u305f\u3061\u3092\u4e2d\u5fc3\u306b\u3057\u3066 \u2015<\/p>\n<p>\u6c96\u653f \u88d5\u6cbb\u3000\u3000\u3000\u30d9\u30eb\u30af\u30bd\u30f3\u54f2\u5b66\u3068\u8133\u79d1\u5b66 \u2015 \u8a18\u61b6\u7406\u8ad6\u3092\u4e2d\u5fc3\u306b \u2015<\/p>\n<p>\u4f50\u85e4 \u7531\u7d00\u5b50\u3000\u3000Le ha\u00efku et la po\u00e9sie courte en fran\u00e7ais<\/p>\n<p>\u9ad8\u8c37 \u7531\u7f8e\u3000\u3000\u3000\u81ea\u7136\u4e3b\u7fa9\u4f5c\u5bb6\u30a8\u30df\u30fc\u30eb\u30fb\u30be\u30e9\u306e\u4f5c\u54c1\u306b\u307f\u308b\u30ed\u30de\u30f3\u4e3b\u7fa9\u7684\u8981\u7d20<\/p>\n<p>\u2015 \u5e7b\u60f3\u5c0f\u8aac\u300e\u5922\u300f\u3092\u4e2d\u5fc3\u306b \u2015<\/p>\n<p>&nbsp;<\/p>\n<p><strong>\u00a0<\/strong><\/p>\n<p><strong>200<\/strong><strong>5<\/strong><strong>\u5e74\u5ea6\u3000\u5352\u696d\u8ad6\u6587\u984c\u76ee<\/strong><\/p>\n<p><strong>\u00a0<\/strong><\/p>\n<p>\u5e78\u8c37 \u6709\u5229\u5b50\u3000\u3000\u30e2\u30fc\u30d1\u30c3\u30b5\u30f3\u306e\u77ed\u7de8\u5c0f\u8aac\u306b\u304a\u3051\u308b\u5e7b\u60f3\u7684\u4f5c\u54c1\u306e\u5909\u9077<\/p>\n<p>\u5c71\u6839 \u7531\u8a18\u5b50\u3000\u3000\u300e\u30ce\u30fc\u30c8\u30eb\uff1d\u30c0\u30e0\u30fb\u30c9\u30fb\u30d1\u30ea\u300f\u8ad6<\/p>\n<p>\u2015 \u30f4\u30a3\u30af\u30c8\u30fc\u30eb\u30fb\u30e6\u30b4\u30fc\u3068\u30ce\u30fc\u30c8\u30eb\uff1d\u30c0\u30e0\u5927\u8056\u5802 \u2015<\/p>\n<p>\u6728\u539f \u6c38\u7406\u3000\u3000\u3000\u300e\u661f\u306e\u738b\u5b50\u3055\u307e\u300f\u8ad6 \u2015 \u5bd3\u8a71\u306b\u8a17\u3055\u308c\u305f\u610f\u5473\u3092\u8aad\u307f\u89e3\u304f \u2015<\/p>\n","protected":false},"excerpt":{"rendered":"<p>\u25ce1976\u5e744\u6708\u4ee5\u676530\u5e74\u9593\u306e\u9577\u304d\u306b\u308f\u305f\u3063\u3066\u5f53\u6559\u5ba4\u3067\u6559\u97ad\u3092\u3068\u3089\u308c\u305f\u539f\u91ce\u6607\u6559\u6388\u306f\uff0c&hellip;&nbsp;<a href=\"https:\/\/france.hiroshima-u.ac.jp\/?page_id=802&#038;lang=ja\" class=\"more-link\">Read More<\/a><\/p>\n","protected":false},"author":1,"featured_media":0,"parent":0,"menu_order":20,"comment_status":"closed","ping_status":"closed","template":"","meta":{"footnotes":""},"class_list":["post-802","page","type-page","status-publish","hentry"],"jetpack_sharing_enabled":true,"_links":{"self":[{"href":"https:\/\/france.hiroshima-u.ac.jp\/index.php?rest_route=\/wp\/v2\/pages\/802","targetHints":{"allow":["GET"]}}],"collection":[{"href":"https:\/\/france.hiroshima-u.ac.jp\/index.php?rest_route=\/wp\/v2\/pages"}],"about":[{"href":"https:\/\/france.hiroshima-u.ac.jp\/index.php?rest_route=\/wp\/v2\/types\/page"}],"author":[{"embeddable":true,"href":"https:\/\/france.hiroshima-u.ac.jp\/index.php?rest_route=\/wp\/v2\/users\/1"}],"replies":[{"embeddable":true,"href":"https:\/\/france.hiroshima-u.ac.jp\/index.php?rest_route=%2Fwp%2Fv2%2Fcomments&post=802"}],"version-history":[{"count":2,"href":"https:\/\/france.hiroshima-u.ac.jp\/index.php?rest_route=\/wp\/v2\/pages\/802\/revisions"}],"predecessor-version":[{"id":906,"href":"https:\/\/france.hiroshima-u.ac.jp\/index.php?rest_route=\/wp\/v2\/pages\/802\/revisions\/906"}],"wp:attachment":[{"href":"https:\/\/france.hiroshima-u.ac.jp\/index.php?rest_route=%2Fwp%2Fv2%2Fmedia&parent=802"}],"curies":[{"name":"wp","href":"https:\/\/api.w.org\/{rel}","templated":true}]}}